(3). Suppose -5*p - 2*m - 41 = 0, -2*p + 5*m = 2 - 3. Let n = p + d. List the prime factors of n.
2
Suppose -4*k = -4 - 0. Let i = k + 8. Let u(f) = -f**3 + 8*f**2 + 11*f - 10. List the prime factors of u(i).
2
Let v(j) = 31*j + 56. What are the prime factors of v(23)?
769
Let o = 27 - 61. Let v = o + 95. What are the prime factors of v?
61
Let a(n) = 13*n - 5. Let s be a(3). Suppose -3*v + 17 = 2*w - 26, s = w + 4*v. What are the prime factors of w?
2, 7
Let q = -8 + 10. Suppose q*w + w - 43 = -4*f, -2*w + 36 = -f. Suppose 0*t - 24 = -t + 2*z, -5*z + w = 3*t. List the prime factors of t.
2, 7
Let t = 36 + 68. List the prime factors of t.
2, 13
Let f = 3513 - 2504. What are the prime factors of f?
1009
Suppose 13 + 11 = -3*m. Let d be 3/((-3)/m) + 3. Suppose -k + 12 = -d. What are the prime factors of k?
23
Suppose 38*f + 38*f = 38456. List the prime factors of f.
2, 11, 23
Let f = 9 - 5. Suppose 3*h = -c - h + 18, -3*c + f*h + 134 = 0. Suppose c = 4*b - 10. What are the prime factors of b?
2, 3
List the prime factors of 2394/15 - 7/(105/9).
3, 53
Let a(t) = -80*t + 61. Let j be a(-8). Suppose -2*s - j = -4*h - 3*s, 5*h - 868 = -4*s. List the prime factors of h.
2, 11
Let c(k) = 2*k**3 + 4*k**2 - 20*k - 1. List the prime factors of c(6).
5, 7, 13
Let i(q) = q**3 + 10*q**2 - 3*q + 1. Let h(b) be the first derivative of b**4/4 + 3*b**3 + 4*b**2 - 10*b + 7. Let n be h(-8). List the prime factors of i(n).
31
Suppose 0 = 79*g - 72*g - 1022. List the prime factors of g.
2, 73
Let b(q) = -46*q**3 + 4*q**2 - 3*q - 12. Let r be b(-2). Let s = r + -186. List the prime factors of s.
2, 3
Let j(a) = -2 + 10*a - 4 - 2 + 5. Let q be (-25)/(-9) + (-2)/(-9). List the prime factors of j(q).
3
What are the prime factors of ((-987)/282)/(2/(-6352)*2)?
2, 7, 397
Let j = -9 - -8. Let g be j - ((-6)/2 + 4). List the prime factors of ((-19)/(-2))/(g/(-4)).
19
Let c = 158 - 163. Let z(o) = -64*o - 12. What are the prime factors of z(c)?
2, 7, 11
Suppose 0 = -k - k + 2*r + 1552, 0 = -2*k + 5*r + 1549. List the prime factors of k.
3, 7, 37
Suppose -3*l = -4*p - 1711 - 495, -2*l - p + 1489 = 0. What are the prime factors of l?
2, 7, 53
Let c(g) = 4*g**2 - 6*g - 4. Let f(p) = 7*p**2 - 11*p - 8. Let o(d) = -5*c(d) + 3*f(d). Let v(x) = x + 1. Let z be v(5). List the prime factors of o(z).
2, 7
Suppose 14*f - 10*f = -28. Let m = 4 - f. Let l = -1 + m. List the prime factors of l.
2, 5
Let p = -122 - -1081. List the prime factors of p.
7, 137
Let i(y) = y**2 + 4*y + 6. Let g be i(-4). Suppose g*o + 154 = 700. List the prime factors of o.
7, 13
Let d(q) = -2*q**2 + 3*q + 1. Let l be d(3). Let h be ((-6)/l)/((-3)/(-8)). Suppose -h*t + 4*u + 18 = 2*u, 4 = t - 2*u. List the prime factors of t.
2, 7
Let w be ((-3)/9*0)/(-2). Let r be 3 + 2 + w + 127. Suppose -r = -4*v - 0*v. What are the prime factors of v?
3, 11
Let j(y) = 3*y**2 - 15*y - 3. Let a be j(11). Suppose 3*w - 2*w - 45 = 2*r, 5*w + 5*r - a = 0. List the prime factors of w.
41
Let z be 1 + (105 - (-6 - -3)). Suppose q = 2*c - z, -3*q = 5*c - 30 - 259. Suppose -c = -u - 0*u. List the prime factors of u.
2, 7
Suppose -5*y + 10*y - 591 = -2*d, -4*d = 4*y - 468. Suppose 0 = 2*v - y + 39. Suppose 2 - v = -2*r + t, -3*r - 4*t + 79 = 0. What are the prime factors of r?
3, 7
What are the prime factors of -1 + 225/(-6)*80/(-12)?
3, 83
Suppose -d - 2*d = -3*k + 1245, -2*k - 2*d = -838. Suppose -8*j + k = -351. What are the prime factors of j?
2, 3
Let n(v) = 29*v + 26. Let c be n(9). Suppose c = 3*t - 139. What are the prime factors of t?
2, 71
Let o(k) = -24*k**2 + 0*k + 3*k + 0*k**3 - 1 + k**3 + 29*k**2. Let w be o(-4). Suppose w*z - 4*z + 39 = 0. List the prime factors of z.
3, 13
Let z(m) = -9*m + 44*m**2 - 16*m**2 + 14 - 14*m**2. What are the prime factors of z(4)?
2, 101
Suppose 2*k - 6*k = -400. Let i be ((-1)/2)/(5/k). Let b = i - -61. List the prime factors of b.
3, 17
Suppose -151040 = -28*j - 12*j. What are the prime factors of j?
2, 59
List the prime factors of (((-9)/(-3))/(-6))/((-10)/21140).
7, 151
Suppose 18*f = -9*f + 12987. What are the prime factors of f?
13, 37
Let r(m) = m**3 + 8*m**2 - 4*m + 4. Let y be r(-4). What are the prime factors of ((-37)/37)/(y/(-83) + 1)?
83
Suppose -7*f - 2287 = 604. Let z = -266 - f. What are the prime factors of z?
3, 7
Let h be (-2)/(-4)*-6 + -2. Let u be (2 + -6)/((-1)/h). What are the prime factors of 366/10 + (-8)/u?
37
Let p = -1 - -187. List the prime factors of p.
2, 3, 31
Suppose -5*l = -a - 14, -5*a - 12 = -5*l - 2. Suppose -273 = -3*m - v + 4*v, m = -l*v + 103. List the prime factors of m.
2, 47
Let r(p) = 2*p**3 + 18*p**2 - 21*p - 12. Let g(u) = -3*u**3 - 18*u**2 + 22*u + 11. Let c(k) = -3*g(k) - 4*r(k). List the prime factors of c(17).
2
Suppose -34 = -5*n + 11. Suppose -13*l = -n*l - 596. Let s = l - 85. List the prime factors of s.
2
Suppose 4*y = c - 2735, c - 13*y = -17*y + 2695. List the prime factors of c.
3, 5, 181
Let i(b) = 2*b**3 - 7*b**2 - 4*b - 21. List the prime factors of i(8).
523
Let z(c) = c - 7. Let g be z(-5). Let f = g + 15. Suppose -23 = -2*o + u, -29 = -3*o - u - f*u. What are the prime factors of o?
11
Let x = 44 + -39. Suppose -x*y - 3*u + 284 = -y, -8 = 2*u. What are the prime factors of y?
2, 37
Let p = -27 + 17. Let l(v) = 2*v**2 + 14*v - 8. What are the prime factors of l(p)?
2, 13
List the prime factors of -2085*(-15)/((-315)/(-14)).
2, 5, 139
Let y(v) = 38*v**2 + 16*v + 31. List the prime factors of y(-3).
5, 13
Suppose -3*o = -5*n - 19, 5*o + 0 = -3*n + 9. What are the prime factors of ((-3)/o - -15)*4/8?
7
Suppose r + 0*r = -92. Let w = 172 + r. List the prime factors of w.
2, 5
Let d = 3070 + -1914. What are the prime factors of d?
2, 17
Let q = 687 + -387. What are the prime factors of q?
2, 3, 5
Suppose 15 = s - 10. Suppose -s = -x - 22. Suppose -3*a = x*a - 234. What are the prime factors of a?
3, 13
What are the prime factors of (-30)/25 + (-6732)/(-10)?
2, 3, 7
Let h = -767 - -2260. List the prime factors of h.
1493
Let u be (-3 - -1)/((-16)/344). Suppose p = -5*i - 5, -3*p - 2*i = -p + 18. Let n = u + p. List the prime factors of n.
3, 11
Suppose 3*q - 2*q - 316 = 4*m, 5*q = 2*m + 1508. List the prime factors of q.
2, 3, 5
Let s be (820/3)/1 - (-16)/24. Suppose s + 82 = 2*y. List the prime factors of y.
2, 89
List the prime factors of (108/(-16) - -9)/((-2)/(-456)).
3, 19
What are the prime factors of (-70)/(-315) - ((-61460)/(-9))/(-5)?
2, 683
Suppose 0 = 3*u - 537 - 270. List the prime factors of u.
269
Suppose 0 = 3*g - 5*j - 431, g = -2*g + 4*j + 427. Suppose -5*l - 3*v = -g, 4*v - 90 - 1 = -3*l. Suppose l = 3*z - 23. List the prime factors of z.
2
Let l(h) = h - 5. Let v be l(5). Suppose -d - 4*d - 100 = v. List the prime factors of (d/3)/(6/(-18)).
2, 5
Let s be 6*(2 + (-68)/8). List the prime factors of (2 + s/(-12))/((-3)/(-36)).
3, 7
Let p be -2*((-11)/22)/((-4)/(-16)). Suppose u = -3*a + 3, -5*a = -u + 2*u - 5. Suppose -p*i - 12 = u, 12 - 29 = -l + 3*i. What are the prime factors of l?
2
Let r = -98 - -140. Suppose -9*p = -8*p - r. List the prime factors of p.
2, 3, 7
Let q(r) = 13*r**2 - 8*r - 20. Let n(p) = -p**3 + 3*p**2 - 3*p - 2. Let u be n(2). List the prime factors of q(u).
2, 5, 11
Let k(q) be the third derivative of q**5/12 + 3*q**4/8 + 5*q**3/2 + 26*q**2. What are the prime factors of k(-7)?
197
Let i be (-2)/5 - (-259)/35. Let d(r) be the third derivative of -r**6/120 + r**5/10 + 11*r**4/24 - 3*r**3/2 + r**2. What are the prime factors of d(i)?
19
Suppose -l = -4*a + 4822, 2488 = -5*a + 5*l + 8523. List the prime factors of a.
5, 241
Suppose -37*g + 63*g - 50310 = 0. What are the prime factors of g?
3, 5, 43
List the prime factors of (-2 - -1)/(5/37850*-5).
2, 757
Let d = 797 - 537. What are the prime factors of d?
2, 5, 13
Let x(t) = -t**3 + 11*t**2 + 11*t - 26. Let i(w) = w**2 - 2*w + 11. Let n be i(0). What are the prime factors of x(n)?
5, 19
Let f be 433 - -8*(-3)/6. Suppose 4*z = 4*g + z - 873, -2*g = z - f. List the prime factors of g.
2, 3
Let r(j) = 3*j - 4*j**2 + 0 - 4*j - 1 + 2*j**2. Let i be r(2). What are the prime factors of i*((-2)/(-2) + -5)?
2, 11
Suppose -q - 476 = -j - 3*j, j + 5*q - 119 = 0. Let d = -45 + j. List the prime factors of d.
2, 37
List the prime factors of (381 - -28)*(1